re the prime factors of 23235424?
2, 726107
What are the prime factors of 101652?
2, 3, 43, 197
What are the prime factors of 7418619?
3, 13, 163, 389
What are the prime factors of 104919?
3, 41, 853
What are the prime factors of 54131?
7, 11, 19, 37
What are the prime factors of 510130?
2, 5, 139, 367
List the prime factors of 853795.
5, 170759
List the prime factors of 18911744.
2, 43, 859
What are the prime factors of 13352965?
5, 307, 8699
What are the prime factors of 3857626?
2, 1928813
What are the prime factors of 87846?
2, 3, 11
List the prime factors of 8308799.
1907, 4357
List the prime factors of 1525376.
2, 17, 701
List the prime factors of 65300.
2, 5, 653
List the prime factors of 649503.
3, 72167
What are the prime factors of 758788?
2, 189697
List the prime factors of 454237.
7, 64891
What are the prime factors of 1208186?
2, 7, 211, 409
List the prime factors of 2910105.
3, 5, 11, 5879
What are the prime factors of 225772?
2, 56443
What are the prime factors of 13974120?
2, 3, 5, 19, 227
What are the prime factors of 1199188?
2, 409, 733
List the prime factors of 19842386.
2, 9921193
List the prime factors of 177247.
7, 25321
What are the prime factors of 2504132?
2, 626033
List the prime factors of 12527331.
3, 4175777
List the prime factors of 99850.
2, 5, 1997
What are the prime factors of 2030399?
7, 290057
What are the prime factors of 478090?
2, 5, 47809
What are the prime factors of 280134?
2, 3, 79, 197
What are the prime factors of 5932157?
7, 11, 77041
List the prime factors of 388148.
2, 23, 4219
What are the prime factors of 1111455?
3, 5, 8233
List the prime factors of 1147649.
137, 8377
List the prime factors of 1044795.
3, 5, 69653
What are the prime factors of 1056400?
2, 5, 19, 139
What are the prime factors of 3476326?
2, 7, 248309
List the prime factors of 431560.
2, 5, 10789
List the prime factors of 378214.
2, 19, 37, 269
List the prime factors of 7819677.
3, 17, 51109
What are the prime factors of 183855?
3, 5, 7, 17, 103
What are the prime factors of 18551260?
2, 5, 7, 13, 10193
What are the prime factors of 434652?
2, 3, 29, 1249
List the prime factors of 473222.
2, 29, 41, 199
What are the prime factors of 11527208?
2, 7, 11, 18713
What are the prime factors of 1001763?
3, 7, 15901
What are the prime factors of 1090503?
3, 13463
List the prime factors of 86752.
2, 2711
What are the prime factors of 146329?
41, 43, 83
What are the prime factors of 75251?
11, 6841
List the prime factors of 5418766.
2, 29, 93427
List the prime factors of 482999.
11, 19, 2311
What are the prime factors of 338686?
2, 169343
List the prime factors of 4329339.
3, 7, 17, 67, 181
What are the prime factors of 26866979?
311, 86389
List the prime factors of 379951.
11, 13, 2657
What are the prime factors of 7420579?
7420579
List the prime factors of 1587741.
3, 157, 3371
List the prime factors of 1650422.
2, 37, 22303
List the prime factors of 4817366.
2, 2408683
List the prime factors of 587064.
2, 3, 61, 401
What are the prime factors of 281268?
2, 3, 13, 601
What are the prime factors of 11525763?
3, 43, 47, 1901
What are the prime factors of 27165050?
2, 5, 11, 49391
List the prime factors of 10362635.
5, 2072527
What are the prime factors of 109251?
3, 61, 199
List the prime factors of 4766311.
11, 3581
List the prime factors of 4721434.
2, 373, 6329
What are the prime factors of 8030625?
3, 5, 4283
List the prime factors of 21973431.
3, 7324477
List the prime factors of 612438.
2, 3, 103, 991
List the prime factors of 966114.
2, 3, 17891
What are the prime factors of 290076?
2, 3, 23, 1051
List the prime factors of 604843.
17, 47, 757
List the prime factors of 15023.
83, 181
List the prime factors of 23497450.
2, 5, 71, 6619
What are the prime factors of 2806591?
29, 96779
What are the prime factors of 10745046?
2, 3, 13, 47, 977
What are the prime factors of 1176713?
1176713
What are the prime factors of 80553?
3, 11, 2441
List the prime factors of 147042.
2, 3, 7, 389
What are the prime factors of 282185?
5, 56437
What are the prime factors of 798042?
2, 3, 7, 19001
What are the prime factors of 257648?
2, 16103
List the prime factors of 119781.
3, 13309
What are the prime factors of 32789265?
3, 5, 359, 6089
List the prime factors of 583374.
2, 3, 11, 8839
List the prime factors of 216132.
2, 3, 7, 31, 83
List the prime factors of 107259.
3, 35753
List the prime factors of 158024.
2, 19753
What are the prime factors of 3771534?
2, 3, 13, 48353
What are the prime factors of 2846066?
2, 23, 61871
What are the prime factors of 7957858?
2, 67, 59387
What are the prime factors of 15937691?
7, 11, 29569
List the prime factors of 23618.
2, 7, 241
List the prime factors of 179131.
271, 661
What are the prime factors of 634080?
2, 3, 5, 1321
What are the prime factors of 1655000?
2, 5, 331
What are the prime factors of 129796?
2, 37, 877
What are the prime factors of 1649488?
2, 103093
List the prime factors of 272889.
3, 1123
List the prime factors of 5870652.
2, 3, 281, 1741
List the prime factors of 1295937.
3, 311, 463
List the prime factors of 91126.
2, 7, 23, 283
List the prime factors of 98494.
2, 11, 37
What are the prime factors of 1478387?
1478387
What are the prime factors of 91947?
3, 30649
List the prime factors of 276903.
3, 11, 2797
List the prime factors of 1365762.
2, 3, 227627
What are the prime factors of 389719?
11, 71, 499
What are the prime factors of 1650386?
2, 825193
List the prime factors of 553977.
3, 61553
List the prime factors of 3339.
3, 7, 53
What are the prime factors of 37957?
37957
What are the prime factors of 210258?
2, 3, 11681
What are the prime factors of 314317?
19, 71, 233
List the prime factors of 5259789.
3, 19, 10253
List the prime factors of 7161005.
5, 19, 43, 1753
List the prime factors of 126079.
126079
What are the prime factors of 19169825?
5, 766793
List the prime factors of 3159654.
2, 3, 17, 30977
List the prime factors of 19178684.
2, 7, 149, 4597
List the prime factors of 2651990.
2, 5, 11, 24109
What are the prime factors of 11829664?
2, 7, 11, 4801
List the prime factors of 5529743.
17, 239, 1361
List the prime factors of 5043131.
431, 11701
What are the prime factors of 8713185?
3, 5, 13, 44683
List the prime factors of 5878182.
2, 3, 19, 51563
What are the prime factors of 201092?
2, 50273
What are the prime factors of 7497513?
3, 833057
What are the prime factors of 293844?
2, 3, 47, 521
List the prime factors of 6742387.
17, 613, 647
List the prime factors of 246480.
2, 3, 5, 13, 79
List the prime factors of 2456095.
5, 491219
List the prime factors of 549525.
3, 5, 17, 431
List the prime factors of 738924.
2, 3, 139, 443
List the prime factors of 2111126.
2, 179, 5897
What are the prime factors of 244584?
2, 3, 43, 79
List the prime factors of 2772685.
5, 367, 1511
List the prime factors of 22123361.
13, 769, 2213
List the prime factors of 6274556.
2, 29, 54091
List the prime factors of 8441116.
2, 89, 131, 181
What are the prime factors of 5737646?
2, 2868823
List the prime factors of 5700003.
3, 257, 7393
What are the prime factors of 5296488?
2, 3, 220687
What are the prime factors of 21688107?
3, 7, 17, 79, 769
What are the prime factors of 71264?
2, 17, 131
What are the prime factors of 10047260?
2, 5, 97, 5179
List the prime factors of 719360.
2, 5, 281
What are the prime factors of 7305218?
2, 3652609
What are the prime factors of 9691166?
2, 4845583
What are the prime factors of 85239?
3, 7, 11, 41
List the prime factors of 17329804.
2, 229, 18919
What are the prime factors of 12436371?
3, 1381819
What are the prime factors of 2693214?
2, 3, 149623
List the prime factors of 1954047.
3, 101, 6449
What are the prime factors of 979354?
2, 489677
List the prime factors of 464793.
3, 7, 22133
List the prime factors of 841291.
11, 76481
List the prime factors of 3153595.
5, 630719
List the prime factors of 833843.
833843
What are the prime factors of 1032679?
1032679
List the prime factors of 1656055.
5, 17, 19483
List the prime factors of 175086.
2, 3, 71, 137
List the prime factors of 3468093.
3, 1156031
List the prime factors of 35432237.
35432237
What are the prime factors of 1569215?
5, 157, 1999
What are the prime factors of 34400?
2, 5, 43
List the prim